{"id":22,"date":"2016-01-30T19:34:29","date_gmt":"2016-01-30T18:34:29","guid":{"rendered":"http:\/\/pijalniakawy.pl\/?page_id=22"},"modified":"2023-06-12T23:02:36","modified_gmt":"2023-06-12T21:02:36","slug":"sposoby-parzenia-kawy","status":"publish","type":"page","link":"http:\/\/pijalniakawy.pl\/index.php\/o_kawie\/sposoby-parzenia-kawy\/","title":{"rendered":"Sposoby parzenia kawy"},"content":{"rendered":"<ul>\n<li>\n<h4><strong>Zaparzanie kawy w dzbankach<\/strong><\/h4>\n<\/li>\n<\/ul>\n<p><img decoding=\"async\" loading=\"lazy\" class=\"alignnone size-full wp-image-1979\" src=\"http:\/\/pijalniakawy.pl\/wp-content\/uploads\/2023\/06\/01.jpg\" alt=\"\" width=\"300\" height=\"300\" srcset=\"http:\/\/pijalniakawy.pl\/wp-content\/uploads\/2023\/06\/01.jpg 300w, http:\/\/pijalniakawy.pl\/wp-content\/uploads\/2023\/06\/01-150x150.jpg 150w, http:\/\/pijalniakawy.pl\/wp-content\/uploads\/2023\/06\/01-268x268.jpg 268w\" sizes=\"(max-width: 300px) 100vw, 300px\" \/><\/p>\n<p>Najstarszy i najprostszy spos\u00f3b zaparzenia kawy. Do dzbanka wsypujemy odmierzon\u0105 ilo\u015b\u0107 grubo zmielonej kawy i zalewamy wrz\u0105tkiem, mieszamy, odczekujemy chwil\u0119, a\u017c napar naci\u0105gnie, przecedzamy i rozlewamy do fili\u017canek albo kubk\u00f3w.<\/p>\n<ul>\n<li>\n<h4><strong>Zaparzanie w filtrze<\/strong><\/h4>\n<\/li>\n<\/ul>\n<p><img decoding=\"async\" loading=\"lazy\" class=\"alignnone size-full wp-image-1980\" src=\"http:\/\/pijalniakawy.pl\/wp-content\/uploads\/2023\/06\/02.jpg\" alt=\"\" width=\"300\" height=\"300\" srcset=\"http:\/\/pijalniakawy.pl\/wp-content\/uploads\/2023\/06\/02.jpg 300w, http:\/\/pijalniakawy.pl\/wp-content\/uploads\/2023\/06\/02-150x150.jpg 150w, http:\/\/pijalniakawy.pl\/wp-content\/uploads\/2023\/06\/02-268x268.jpg 268w\" sizes=\"(max-width: 300px) 100vw, 300px\" \/><\/p>\n<p>Na nagrzany dzbanek nak\u0142adamy porcelanowy filtr i wsypujemy do niego \u015bredniej grubo\u015bci zmielon\u0105 kaw\u0119. Odpowiednie zmielenie powoduje, ze kawa zatrzymuje wrz\u0105tek i otrzymujemy dobry napar. Zbyt grubo zmielone ziarna spowoduj\u0105 szybkie przepuszczenie wody i utrat\u0119 aromatu naparu. Kaw\u0119 zalewamy niewielk\u0105 ilo\u015bci\u0105 wrz\u0105tku, aby tylko j\u0105 zmoczy\u0107. dzi\u0119ki temu fusy sp\u0119czniej\u0105, zatrzymuj\u0105c wod\u0119 do czasu, a\u017c zacznie skapywa\u0107 do dzbanka jako maksymalnie nasycony napar.<\/p>\n<ul>\n<li>\n<h4><strong>Zaparzanie przez maceracj\u0119<\/strong><\/h4>\n<\/li>\n<\/ul>\n<p><img decoding=\"async\" loading=\"lazy\" class=\"alignnone size-full wp-image-1981\" src=\"http:\/\/pijalniakawy.pl\/wp-content\/uploads\/2023\/06\/03.jpg\" alt=\"\" width=\"300\" height=\"300\" srcset=\"http:\/\/pijalniakawy.pl\/wp-content\/uploads\/2023\/06\/03.jpg 300w, http:\/\/pijalniakawy.pl\/wp-content\/uploads\/2023\/06\/03-150x150.jpg 150w, http:\/\/pijalniakawy.pl\/wp-content\/uploads\/2023\/06\/03-268x268.jpg 268w\" sizes=\"(max-width: 300px) 100vw, 300px\" \/><\/p>\n<p>Stawiamy na p\u0142ytce dzbanek z odpowiedni\u0105 ilo\u015bci\u0105 wody, zmielon\u0105 kaw\u0119 wsypujemy do filtra i przykrywamy specjaln\u0105 pokrywk\u0105. Kiedy woda zacznie parowa\u0107 i wrze\u0107, pod wp\u0142ywem podwy\u017cszonego ci\u015bnienia zostaje wypchni\u0119ta pod pokrywk\u0119, wype\u0142nia filtr, a nast\u0119pnie przes\u0105cza si\u0119 przez zmielon\u0105 kaw\u0119 i sp\u0142ywa z powrotem do dzbanka. Spos\u00f3b ten nazywamy te\u017c przep\u0142ywowym. Wymaga on uwagi, gdy\u017c nadmierna maceracja prowadzi do zaniku aromatu i powoduje gorycz naparu.<\/p>\n<ul>\n<li>\n<h4><strong>CONA &#8211; zaparzanie pr\u00f3\u017cniowe<\/strong><\/h4>\n<\/li>\n<\/ul>\n<p><img decoding=\"async\" loading=\"lazy\" class=\"alignnone size-full wp-image-1982\" src=\"http:\/\/pijalniakawy.pl\/wp-content\/uploads\/2023\/06\/04.jpg\" alt=\"\" width=\"300\" height=\"300\" srcset=\"http:\/\/pijalniakawy.pl\/wp-content\/uploads\/2023\/06\/04.jpg 300w, http:\/\/pijalniakawy.pl\/wp-content\/uploads\/2023\/06\/04-150x150.jpg 150w, http:\/\/pijalniakawy.pl\/wp-content\/uploads\/2023\/06\/04-268x268.jpg 268w\" sizes=\"(max-width: 300px) 100vw, 300px\" \/><\/p>\n<p>Do pr\u00f3\u017cniowego zaparzanie kawy potrzebne s\u0105 dwa naczynia po\u0142\u0105czone szlifem, czyli dopasowanych z\u0142\u0105czem. Dolne naczynie s\u0142u\u017cy jako zbiornik, g\u00f3rne oddzielone najcz\u0119\u015bciej porcelanowym filtrem, na kt\u00f3ry nasypujemy drobno zmielon\u0105 kaw\u0119, s\u0142u\u017cy do przes\u0105czania naparu. Po\u0142\u0105czona naczynia stawiamy na p\u0142ytce. Gdy woda w dolnym naczyniu zacznie wrze\u0107, przechodzi w postaci pary do g\u00f3rnego naczynia, gdzie si\u0119 skrapla. W momencie gdy ca\u0142\u0105 woda przejdzie do g\u00f3rnego naczynia, aparat zestawiamy z p\u0142ytki, aby wrz\u0105tek m\u00f3g\u0142 sp\u0142yn\u0105\u0107 przez drobno zmielon\u0105 kaw\u0119 do dolnego naczynie. Czynno\u015b\u0107 powtarzamy 2-3 razy.<\/p>\n<p style=\"text-align: center;\"><a href=\"https:\/\/www.youtube.com\/watch?v=sq1GlYKIU64\">Filmik<\/a>\u00a0&#8211; zobacz\u00a0jak dzia\u0142a CONA<\/p>\n<ul>\n<li>\n<h4><strong>Kafetiera<\/strong><\/h4>\n<\/li>\n<\/ul>\n<p><img decoding=\"async\" loading=\"lazy\" class=\"alignnone size-full wp-image-1983\" src=\"http:\/\/pijalniakawy.pl\/wp-content\/uploads\/2023\/06\/05.jpg\" alt=\"\" width=\"300\" height=\"300\" srcset=\"http:\/\/pijalniakawy.pl\/wp-content\/uploads\/2023\/06\/05.jpg 300w, http:\/\/pijalniakawy.pl\/wp-content\/uploads\/2023\/06\/05-150x150.jpg 150w, http:\/\/pijalniakawy.pl\/wp-content\/uploads\/2023\/06\/05-268x268.jpg 268w\" sizes=\"(max-width: 300px) 100vw, 300px\" \/><\/p>\n<p>Doln\u0105 cz\u0119\u015b\u0107 nape\u0142niamy wod\u0105 do zaworku bezpiecze\u0144stwa, wk\u0142adamy sitko z drobno mielon\u0105 kaw\u0105 i ca\u0142o\u015b\u0107 zamykamy pokrywk\u0105. Para z podgrzewacza wody przechodzi pod ci\u015bnieniem przez filtr ze zmielon\u0105 kaw\u0105 i skrapla si\u0119 w postaci naparu w g\u00f3rnej cz\u0119\u015bci kafetiery.<\/p>\n<ul>\n<li>\n<h4><strong>Kawa po turecku<\/strong><\/h4>\n<\/li>\n<\/ul>\n<p><img decoding=\"async\" loading=\"lazy\" class=\"alignnone size-full wp-image-1984\" src=\"http:\/\/pijalniakawy.pl\/wp-content\/uploads\/2023\/06\/06.jpg\" alt=\"\" width=\"300\" height=\"300\" srcset=\"http:\/\/pijalniakawy.pl\/wp-content\/uploads\/2023\/06\/06.jpg 300w, http:\/\/pijalniakawy.pl\/wp-content\/uploads\/2023\/06\/06-150x150.jpg 150w, http:\/\/pijalniakawy.pl\/wp-content\/uploads\/2023\/06\/06-268x268.jpg 268w\" sizes=\"(max-width: 300px) 100vw, 300px\" \/><\/p>\n<p>Dwie ma\u0142e fili\u017canki zimnej wody wlewamy do wysokiego, ocynkowanego mosi\u0119\u017cnego rondelka (tygielka) i zagotowujemy. Kiedy woda zacznie wrze\u0107, dodajemy dwie p\u0142askie \u0142y\u017ceczki drobnokrystalicznego cukru i pi\u0119\u0107, tej samej wielko\u015bci, \u0142y\u017ceczek bardzo mia\u0142ko zmielonej kawy, najlepiej ut\u0142uczonej w mo\u017adzierzu. Mo\u017cna doda\u0107 r\u00f3wnie\u017c przyprawy &#8211; kardamon, cynamon, any\u017c, w zale\u017cno\u015bci od preferencji. Wszystko razem doprowadzamy trzykrotnie do wrzenia. Nast\u0119pnie zdejmujemy z ognia, a powierzchni\u0119 naparu skraplamy kilkoma kroplami zimnej wody, aby fusy opad\u0142y na dno.<\/p>\n<ul>\n<li>\n<h4><strong>Perkolator<\/strong><\/h4>\n<\/li>\n<\/ul>\n<p><img decoding=\"async\" loading=\"lazy\" class=\"alignnone size-full wp-image-1985\" src=\"http:\/\/pijalniakawy.pl\/wp-content\/uploads\/2023\/06\/07.jpg\" alt=\"\" width=\"300\" height=\"300\" srcset=\"http:\/\/pijalniakawy.pl\/wp-content\/uploads\/2023\/06\/07.jpg 300w, http:\/\/pijalniakawy.pl\/wp-content\/uploads\/2023\/06\/07-150x150.jpg 150w, http:\/\/pijalniakawy.pl\/wp-content\/uploads\/2023\/06\/07-268x268.jpg 268w\" sizes=\"(max-width: 300px) 100vw, 300px\" \/><\/p>\n<p>Specjalny przyrz\u0105d do zaparzania kawy, skonstruowany we Francji w 1827 roku, w kt\u00f3rym wrz\u0105ca woda paruj\u0105c przechodzi przez filtr wype\u0142niony kaw\u0105,a nast\u0119pnie przes\u0105cza si\u0119, opadaj\u0105cy w d\u00f3\u0142. Urz\u0105dzenie to mia\u0142o niestety jedn\u0105 wad\u0119 &#8211; kawa si\u0119 w nim zagotowywa\u0142a i napar nabiera\u0142 gorzkiego smaku. W latach osiemdziesi\u0105tych XX w. perkolator sta\u0142 si\u0119 bardzo popularny w Stanach Zjednoczonych.<\/p>\n<ul>\n<li>\n<h4><strong>Zaparzacz firmy Chemex<\/strong><\/h4>\n<\/li>\n<\/ul>\n<p>Bardzo popularny zaparzacz do kawy u\u017cywany w Ameryce. Wykonany jest ze szk\u0142a i drewna (tradycyjny model), a w kszta\u0142cie i dzia\u0142aniu podobny do klepsydry. Czyszczenie tego zaparzacza by\u0142o niezmiernie trudne Pocz\u0105tkowo zaparzacze wydmuchiwano r\u0119cznie ze szk\u0142a, daj\u0105c im drewnian\u0105 os\u0142on\u0119. Obecnie\u00a0Chemex produkuje ulepszon\u0105 wersj\u0119 tego zaparzacza z elektrycznym ogrzewaniem wody, i do ka\u017cdego za\u0142\u0105cza specjalne szczotki do ich czyszczenia.<\/p>\n<ul>\n<li>\n<h4><strong>Zaparzacz balansuj\u0105cy<\/strong><\/h4>\n<\/li>\n<\/ul>\n<p><img decoding=\"async\" loading=\"lazy\" src=\"http:\/\/pijalniakawy.pl\/wp-content\/uploads\/2016\/01\/balamsuj\u0105cy2-221x300.jpg\" alt=\"balamsuj\u0105cy2\" width=\"221\" height=\"300\" \/><\/p>\n<p>Trzycz\u0119\u015bciowe urz\u0105dzenie do zaparzania kawy, kt\u00f3re sk\u0142ada si\u0119 ze zbiornika z wod\u0105 umieszczonego bezpo\u015brednio nad palnikiem spirytusowym, puszki z kaw\u0105, wewn\u0105trz kt\u00f3rej znajdowa\u0142 si\u0119 filtr, oraz dzbanka, do kt\u00f3rego sp\u0142ywa\u0142 bezpo\u015brednio gotowy napar. W tym zaparzaczu zbiornik z wod\u0105 jest hermetycznie po\u0142\u0105czony z filtrem.<\/p>\n<ul>\n<li>\n<h4><strong>Zaparzacz do espresso<\/strong><\/h4>\n<\/li>\n<\/ul>\n<p><img decoding=\"async\" loading=\"lazy\" src=\"http:\/\/pijalniakawy.pl\/wp-content\/uploads\/2016\/01\/kafetiera_szeheryzada2-246x300.jpg\" alt=\"kafetiera_szeheryzada2\" width=\"194\" height=\"237\" \/><\/p>\n<p>Urz\u0105dzenie skonstruowane w 2 po\u0142. XiX w. Sk\u0142ada si\u0119 z trzech cz\u0119\u015bci: dolnej, s\u0142u\u017c\u0105cej jako zbiornik do gotowania wody, \u015brodkowej z pojemnikiem na kaw\u0119 i filtrem oraz g\u00f3rnej &#8211; skraplacza, z kt\u00f3rego napar kawy sp\u0142ywa przez specjaln\u0105 rurk\u0119 do fili\u017canki. W 1 po\u0142o. XX w. dodano cz\u0119\u015b\u0107 czwart\u0105 &#8211; elektryczne \u017ar\u00f3d\u0142o ciep\u0142a.<\/p>\n<ul>\n<li>\n<h4><strong>Zaparzacz kropelkowy<\/strong><\/h4>\n<\/li>\n<\/ul>\n<p><img decoding=\"async\" loading=\"lazy\" src=\"http:\/\/pijalniakawy.pl\/wp-content\/uploads\/2016\/01\/kropelkowy-218x300.jpg\" alt=\"kropelkowy\" width=\"157\" height=\"216\" \/><\/p>\n<p>Urz\u0105dzenie, w kt\u00f3rym przez filtr ze zmielon\u0105 kaw\u0105 przes\u0105cza si\u0119 kroplami wrz\u0105tek. R\u00f3\u017cne s\u0105 typy takich zaparzaczy. Niekt\u00f3re wykonane s\u0105 ze szk\u0142a lub ceramiki z odpowiedni\u0105 perforacj\u0105 z siatek metalowych i plastikowych, a ostatnio z wk\u0142adem papierowym.<\/p>\n<ul>\n<li>\n<h4><strong>Zaparzacz moka<\/strong><\/h4>\n<\/li>\n<\/ul>\n<p><img decoding=\"async\" loading=\"lazy\" src=\"http:\/\/pijalniakawy.pl\/wp-content\/uploads\/2016\/02\/IMG_0929-219x300.jpg\" alt=\"IMG_0929\" width=\"219\" height=\"300\" \/><\/p>\n<p>Zaparzacz do bardzo mocnej, czarnej kawy, sk\u0142adaj\u0105cy si\u0119 z dw\u00f3ch cz\u0119\u015bci, pomi\u0119dzy kt\u00f3rymi znajduje si\u0119 pojemnik z filtrem na \u015brednio zmielon\u0105 kaw\u0119. Do dolnej cz\u0119\u015bci urz\u0105dzenia wlewamy wod\u0119 i stawiamy na ogniu. Para z gotuj\u0105cej si\u0119 wody przechodzi przez filtr z kaw\u0105 i skrapla si\u0119 w g\u00f3rnej cz\u0119\u015bci zaparzacza. Zaparzacz Moka nazywany jest r\u00f3wnie\u017c zaparzaczem espresso i napolitana.<\/p>\n<ul>\n<li>\n<h4><strong>Zaparzacz t\u0142oczkowy<\/strong><\/h4>\n<\/li>\n<\/ul>\n<p><img decoding=\"async\" loading=\"lazy\" src=\"http:\/\/pijalniakawy.pl\/wp-content\/uploads\/2016\/01\/t\u0142okowy-188x300.jpg\" alt=\"t\u0142okowy\" width=\"150\" height=\"239\" \/><\/p>\n<p>Zwany te\u017c &#8220;francuskim t\u0142oczkiem&#8221;, bardzo wygodny i \u0142atwy w obs\u0142udze. Sk\u0142ada si\u0119 ze szklanego cylindra w a\u017curowej obudowie, zazwyczaj metalowej, z wewn\u0119trznym t\u0142okiem zaopatrzonym w g\u0119ste sitko \u0142atwo oddzielaj\u0105ce fusy od naparu. Delikatna perforacja w postaci w\u0105skich szczelinek lub drobnych oczek stanowi zasadnicz\u0105 cz\u0119\u015b\u0107 dopasowanego do \u015brednicy cylindra t\u0142oczka. Do cylindra, na dno, wsypujemy drobno zmielon\u0105 kaw\u0119, zalewamy j\u0105 wrz\u0105tkiem, mieszamy i nak\u0142adamy na g\u00f3rn\u0105 powierzchni\u0119 naparu t\u0142ok z filtrem, lekko naciskaj\u0105c go w d\u00f3\u0142. Po oko\u0142o 4 minutach ca\u0142y osad (fusy) jest ca\u0142kowicie przyci\u015bni\u0119ty do dna cylindra, a nad nim znajduje si\u0119 czysty, pozbawiony fus\u00f3w napar. Kaw\u0119 do fili\u017canek nalewamy prosto z cylindra.<\/p>\n<ul>\n<li>\n<h4><strong>Zaparzacze automatyczne<\/strong><\/h4>\n<ul>\n<li><strong>ekspres przelewowy<\/strong><\/li>\n<\/ul>\n<\/li>\n<\/ul>\n<p><img decoding=\"async\" loading=\"lazy\" class=\"alignnone size-full wp-image-1986\" src=\"http:\/\/pijalniakawy.pl\/wp-content\/uploads\/2023\/06\/08.jpg\" alt=\"\" width=\"300\" height=\"300\" srcset=\"http:\/\/pijalniakawy.pl\/wp-content\/uploads\/2023\/06\/08.jpg 300w, http:\/\/pijalniakawy.pl\/wp-content\/uploads\/2023\/06\/08-150x150.jpg 150w, http:\/\/pijalniakawy.pl\/wp-content\/uploads\/2023\/06\/08-268x268.jpg 268w\" sizes=\"(max-width: 300px) 100vw, 300px\" \/><\/p>\n<p>Obecnie zaparzacze z automatycznymi filtrami sta\u0142y si\u0119 popularnymi elektrycznymi maszynkami do kawy i cho\u0107 napar z tych maszynek nie jest najlepszy, ch\u0119tnie si\u0119 ich u\u017cywa, bo oszcz\u0119dzaj\u0105 czas i s\u0105 proste w obs\u0142udze. Dzia\u0142anie automatycznego zaparzacza sk\u0142adaj\u0105cego si\u0119 z trzech podstawowych cz\u0119\u015bci: filtra, zbiornika na wod\u0119 i pojemnika na napar, jest bardzo proste. Automat podgrzewa wod\u0119 do optymalnej temperatury, przes\u0105cza przez filtr, daj\u0105c gor\u0105cy nap\u00f3j.<\/p>\n<ul>\n<li><strong>ekspres\u00a0wysokoci\u015bnieniowy<\/strong><\/li>\n<\/ul>\n<p><img decoding=\"async\" loading=\"lazy\" class=\"alignnone size-full wp-image-1987\" src=\"http:\/\/pijalniakawy.pl\/wp-content\/uploads\/2023\/06\/09.jpg\" alt=\"\" width=\"300\" height=\"300\" srcset=\"http:\/\/pijalniakawy.pl\/wp-content\/uploads\/2023\/06\/09.jpg 300w, http:\/\/pijalniakawy.pl\/wp-content\/uploads\/2023\/06\/09-150x150.jpg 150w, http:\/\/pijalniakawy.pl\/wp-content\/uploads\/2023\/06\/09-268x268.jpg 268w\" sizes=\"(max-width: 300px) 100vw, 300px\" \/><\/p>\n<p>Urz\u0105dzenie z automatycznym dozowaniem wody, automatyczn\u0105 regulacj\u0105 temperatury i programatorem do zaparzenia wed\u0142ug okre\u015blonej receptury. \u00a0Nale\u017cy go u\u017cywa\u0107 zgodnie z za\u0142\u0105czon\u0105 instrukcj\u0105.<\/p>\n<p>\u0179r\u00f3d\u0142o:\u00a0\u00a0&#8220;Kawa.Legenda, historia, anegdota. Receptariusz&#8221; Leszek Rum, Wydawnictwo W KOLORACH T\u0118CZY, Wroc\u0142aw 1996 oraz &#8220;Ilustrowany leksykon kawy&#8221; Leszek Rum, Wydawnictwo KURPISZ, Pozna\u0144 2004<\/p>\n<p>Grafiki: Urszula Helena-Ku\u017ama<\/p>\n<p><a href=\"http:\/\/pijalniakawy.pl\/index.php\/o_kawie\/\">\u2190 powr\u00f3t<\/a><\/p>\n","protected":false},"excerpt":{"rendered":"<p>Zaparzanie kawy w dzbankach Najstarszy i najprostszy spos\u00f3b zaparzenia kawy. Do dzbanka wsypujemy odmierzon\u0105 ilo\u015b\u0107 grubo zmielonej kawy i zalewamy wrz\u0105tkiem, mieszamy, odczekujemy chwil\u0119, a\u017c napar naci\u0105gnie, przecedzamy i rozlewamy do fili\u017canek albo kubk\u00f3w. Zaparzanie w filtrze Na nagrzany dzbanek nak\u0142adamy porcelanowy filtr i wsypujemy do niego \u015bredniej grubo\u015bci zmielon\u0105 &#8230;<\/p>\n","protected":false},"author":1,"featured_media":0,"parent":2,"menu_order":0,"comment_status":"closed","ping_status":"closed","template":"","meta":{"_mi_skip_tracking":false,"_exactmetrics_sitenote_active":false,"_exactmetrics_sitenote_note":"","_exactmetrics_sitenote_category":0},"aioseo_notices":[],"_links":{"self":[{"href":"http:\/\/pijalniakawy.pl\/index.php\/wp-json\/wp\/v2\/pages\/22"}],"collection":[{"href":"http:\/\/pijalniakawy.pl\/index.php\/wp-json\/wp\/v2\/pages"}],"about":[{"href":"http:\/\/pijalniakawy.pl\/index.php\/wp-json\/wp\/v2\/types\/page"}],"author":[{"embeddable":true,"href":"http:\/\/pijalniakawy.pl\/index.php\/wp-json\/wp\/v2\/users\/1"}],"replies":[{"embeddable":true,"href":"http:\/\/pijalniakawy.pl\/index.php\/wp-json\/wp\/v2\/comments?post=22"}],"version-history":[{"count":74,"href":"http:\/\/pijalniakawy.pl\/index.php\/wp-json\/wp\/v2\/pages\/22\/revisions"}],"predecessor-version":[{"id":1998,"href":"http:\/\/pijalniakawy.pl\/index.php\/wp-json\/wp\/v2\/pages\/22\/revisions\/1998"}],"up":[{"embeddable":true,"href":"http:\/\/pijalniakawy.pl\/index.php\/wp-json\/wp\/v2\/pages\/2"}],"wp:attachment":[{"href":"http:\/\/pijalniakawy.pl\/index.php\/wp-json\/wp\/v2\/media?parent=22"}],"curies":[{"name":"wp","href":"https:\/\/api.w.org\/{rel}","templated":true}]}}