{"id":37,"date":"2016-01-30T20:00:08","date_gmt":"2016-01-30T19:00:08","guid":{"rendered":"http:\/\/pijalniakawy.pl\/?page_id=37"},"modified":"2016-07-11T22:47:15","modified_gmt":"2016-07-11T20:47:15","slug":"historia-kawy-w-polsce","status":"publish","type":"page","link":"http:\/\/pijalniakawy.pl\/index.php\/o_kawie\/historia-kawy-w-polsce\/","title":{"rendered":"Historia kawy w Polsce"},"content":{"rendered":"<p style=\"text-align: justify;\">W 1603 roku, lekarz, Tomasz Ormi\u0144ski, w kalendarzu medycznym zaleca\u0142 jako lekarstwo &#8220;koff\u0119&#8221;, czyli b\u00f3b arabski.\u00a0Pod koniec XVII wieku, z po\u0142udnia, od panuj\u0105cych nad Mo\u0142dawi\u0105 Turk\u00f3w, do Polski dotar\u0142a kawa.<\/p>\n<p style=\"text-align: justify;\"><img decoding=\"async\" loading=\"lazy\" class=\" wp-image-172 alignleft\" src=\"http:\/\/pijalniakawy.pl\/wp-content\/uploads\/2016\/01\/sobieski-231x300.jpg\" alt=\"sobieski\" width=\"189\" height=\"245\" srcset=\"http:\/\/pijalniakawy.pl\/wp-content\/uploads\/2016\/01\/sobieski-231x300.jpg 231w, http:\/\/pijalniakawy.pl\/wp-content\/uploads\/2016\/01\/sobieski.jpg 250w\" sizes=\"(max-width: 189px) 100vw, 189px\" \/><\/p>\n<p style=\"text-align: justify;\">Lubi\u0142 j\u0105 Jan III Sobieski, natomiast pot\u0119piali mi\u0119dzy innymi: Wac\u0142aw Potocki i Jan Andrzej Morsztyn. Szybko jednak dostrze\u017cono dobroczynny wp\u0142yw kawy na organizm cz\u0142owieka. Na pocz\u0105tku XVIII wieku, kawa znalaz\u0142a si\u0119\u00a0w podr\u0119cznikach medycznych jako specyfik na schorzenia przewodu pokarmowego. Kawa zyskiwa\u0142a sobie coraz wi\u0119ksze grono zwolennik\u00f3w, mimo protest\u00f3w licznych przeciwnik\u00f3w. Kaw\u0119 uwielbia\u0142 Ignacy Krasicki. Niema\u0142e zas\u0142ugi dla popularno\u015bci kawy mia\u0142 te\u017c Adam Kazimierz Czartoryski, autor komedii &#8220;Kawa&#8221; (1779r.).<\/p>\n<p style=\"text-align: justify;\"><img decoding=\"async\" loading=\"lazy\" class=\"wp-image-174 alignright\" src=\"http:\/\/pijalniakawy.pl\/wp-content\/uploads\/2016\/01\/cmielow2.png\" alt=\"cmielow2\" width=\"118\" height=\"123\" \/><\/p>\n<p style=\"text-align: justify;\">W 1738 roku w Bia\u0142ej Podlaskiej powsta\u0142a manufaktura fajansu, wyrabiaj\u0105ca m.in. serwisy do kawy, za\u0142o\u017cona przez Ann\u0119 z Sanguszk\u00f3w Radziwi\u0142\u0142ow\u0105. Rozwin\u0119\u0142a si\u0119 r\u00f3wnie\u017c wytw\u00f3rczo\u015b\u0107 porcelany i fajansu w manufakturach w \u017b\u00f3\u0142kwi i \u0106mielowie.<\/p>\n<p style=\"text-align: justify;\">Wielk\u0105 karier\u0119 w miastach zrobi\u0142y kafehauzy, z czasem nazwane kawiarniami. W 1724 roku, dworzanin kr\u00f3la Augusta II Mocnego, Meyerhofer, otworzy\u0142 w Warszawie, w okolicach Ogrodu Saskiego, kawiarni\u0119 za &#8220;\u017belazn\u0105 Bram\u0105&#8221;. Kawiarnia jednak szybko zbankrutowa\u0142a, gdy\u017c Warszawiacy pocz\u0105tkowo nie chcieli pi\u0107 kawy w miejscach publicznych. Dopiero zyska\u0142a popularno\u015b\u0107 kolejna kawiarnia, otwarta w 1763 roku na rynku Starego Miasta. Antoni Momber za\u0142o\u017cy\u0142 na pocz\u0105tku XVIII wieku, s\u0142awn\u0105 p\u00f3\u017aniej kawiarni\u0119 w Gda\u0144sku, a jeszcze w 1724 roku, Francuz Henri Duval otworzy\u0142 lokal w Warszawie. W 1790 roku kawiarnie by\u0142y miejscem propagandy politycznej Ku\u017anicy Ko\u0142\u0142\u0105tajowskiej.<\/p>\n<p style=\"text-align: justify;\">Z Prus, w drugiej po\u0142owie XVIII wieku, przyszed\u0142 spos\u00f3b mieszania kawy z cykori\u0105. Pierwsza wytw\u00f3rnia kawy zbo\u017cowej zosta\u0142a za\u0142o\u017cona we W\u0142oc\u0142awku, w 1818 roku, przez Ferdynanda Bohma.<\/p>\n<figure id=\"attachment_285\" aria-describedby=\"caption-attachment-285\" style=\"width: 300px\" class=\"wp-caption alignleft\"><img decoding=\"async\" loading=\"lazy\" class=\"wp-image-285 size-medium\" src=\"http:\/\/pijalniakawy.pl\/wp-content\/uploads\/2016\/01\/bristol_wawa-300x243.png\" alt=\"bristol_wawa\" width=\"300\" height=\"243\" srcset=\"http:\/\/pijalniakawy.pl\/wp-content\/uploads\/2016\/01\/bristol_wawa-300x243.png 300w, http:\/\/pijalniakawy.pl\/wp-content\/uploads\/2016\/01\/bristol_wawa-768x622.png 768w, http:\/\/pijalniakawy.pl\/wp-content\/uploads\/2016\/01\/bristol_wawa-700x567.png 700w, http:\/\/pijalniakawy.pl\/wp-content\/uploads\/2016\/01\/bristol_wawa-332x269.png 332w, http:\/\/pijalniakawy.pl\/wp-content\/uploads\/2016\/01\/bristol_wawa.png 803w\" sizes=\"(max-width: 300px) 100vw, 300px\" \/><figcaption id=\"caption-attachment-285\" class=\"wp-caption-text\">Warszawa, Hotel Bristol, Sala kolumnowa 1911 r. https:\/\/archpasja.files.wordpress.com\/2014\/07\/waw5.png<\/figcaption><\/figure>\n<p>W roku 1882 Warszawa szczyci\u0142a si\u0119 niemal setk\u0105 kawiar\u0144. Najs\u0142awniejsze z nich to kawiarnia u Okuniowej oraz &#8220;Honoratka&#8221;, dzia\u0142aj\u0105ca do dzi\u015b przy ul. Miodowej oraz kawiarnia Bliklego. W 1822 w Warszawie dzia\u0142a\u0142y ju\u017c 122, a w 1844 a\u017c 180 kawiar\u0144. W Krakowie w po\u0142owie stulecia naliczono 55 lokali, kt\u00f3re rywalizowa\u0142y z zachowuj\u0105cymi odr\u0119bno\u015b\u0107 cukierniami. Roku 1856 si\u0119ga historia kawiarni w Hotelu Europejskim. R\u00f3wnie s\u0142ynn\u0105 warszawsk\u0105 kawiarni\u0105 jest otwarta w 1901 roku, kawiarnia w hotelu &#8220;Bristol&#8221;. W XIX wieku kawiarnie przekszta\u0142ci\u0142y si\u0119 na lokale o charakterze klubowym. Pocz\u0105tkowo kupcy, obracaj\u0105cy wszelkimi towarami, zajmowali si\u0119 handlem kaw\u0105 na ziemiach polskich. Dopiero oko\u0142o po\u0142owy XIX wieku, w Galicji pojawi\u0142y si\u0119 firmy specjalizuj\u0105ce si\u0119 w obrocie kaw\u0105.<\/p>\n<p style=\"text-align: justify;\">A\u017c do ko\u0144ca XIX wieku sprzedawano kaw\u0119 w postaci surowej. Pali\u0107 nale\u017ca\u0142o j\u0105 samemu. Efekt nie zawsze by\u0142 dobry, wi\u0119c lepiej by\u0142o uda\u0107 si\u0119 do kawiarni. Rewolucja nast\u0105pi\u0142a w 1882 roku, gdy z Krakowa do Warszawy przeni\u00f3s\u0142 si\u0119 kupiec Tadeusz Tarasiewicz. Jego firma, Pluton, jako pierwsza zaoferowa\u0142a kaw\u0119 palon\u0105 we w\u0142asnej palarni. Pocz\u0105tkowo, nie\u0142atwo by\u0142o zdoby\u0107 klient\u00f3w, z czasem jednak Pluton zyska\u0142 wielu klient\u00f3w w Warszawie i w innych miastach. Kawa palona by\u0142a dro\u017csza od surowej przynajmniej o jedn\u0105 pi\u0105t\u0105, taki bowiem by\u0142 ubytek jej wagi w procesie palenia. W zamian za wy\u017csz\u0105 cen\u0119 otrzymywa\u0142o si\u0119 jednak wyborny produkt, nie umywaj\u0105cy si\u0119 do kawy palonej domowym sposobem, na patelni. Przez pierwsze 17 lat dzia\u0142ania, Pluton by\u0142 w Warszawie bezkonkurencyjny. Drug\u0105 palarni\u0119 za\u0142o\u017cy\u0142 producent s\u0142odyczy, firma Franciszek Fuchs i Synowie, dopiero w 1896 roku. Przed wybuchem I wojny \u015bwiatowej Pluton dysponowa\u0142 7 sklepami w Warszawie, 4 &#8211; w \u0141odzi, po jednym &#8211; w Sosnowcu, Lublinie i Kijowie. Wci\u0105\u017c modernizowana palarnia Plutona nie ust\u0119powa\u0142a swym zachodnioeuropejskim odpowiednikom. \u015awie\u017c\u0105 kaw\u0119 codziennie rozwo\u017cono po mie\u015bcie platform\u0105 konn\u0105, a kolej\u0105 wysy\u0142ano do odbiorc\u00f3w w Kr\u00f3lestwie i do Rosji. Firma Pluton przetrwa\u0142a dwie wojny. We wrze\u015bniu 1951 roku, po 69 latach nieprzerwanej dzia\u0142alno\u015bci, s\u0105d og\u0142osi\u0142 upad\u0142o\u015b\u0107 firmy Pluton.<\/p>\n<p style=\"text-align: justify;\">Poni\u017cej galeria zdj\u0119\u0107 z palarni &#8220;Pluton&#8221; \u017cr\u00f3d\u0142o:\u00a0http:\/\/kultura.wp.pl\/gid,15506804,galeria.html?T%5Bpage%5D=1<\/p>\n<div id='gallery-1' class='gallery galleryid-37 gallery-columns-3 gallery-size-thumbnail'><figure class='gallery-item'>\n\t\t\t<div class='gallery-icon portrait'>\n\t\t\t\t<a rel='attachment' href='http:\/\/pijalniakawy.pl\/index.php\/o_kawie\/historia-kawy-w-polsce\/7_pluton\/'><img width=\"150\" height=\"150\" src=\"http:\/\/pijalniakawy.pl\/wp-content\/uploads\/2016\/01\/7_pluton-150x150.jpeg\" class=\"attachment-thumbnail size-thumbnail\" alt=\"\" decoding=\"async\" loading=\"lazy\" srcset=\"http:\/\/pijalniakawy.pl\/wp-content\/uploads\/2016\/01\/7_pluton-150x150.jpeg 150w, http:\/\/pijalniakawy.pl\/wp-content\/uploads\/2016\/01\/7_pluton-432x432.jpeg 432w, http:\/\/pijalniakawy.pl\/wp-content\/uploads\/2016\/01\/7_pluton-268x268.jpeg 268w\" sizes=\"(max-width: 150px) 100vw, 150px\" \/><\/a>\n\t\t\t<\/div><\/figure><figure class='gallery-item'>\n\t\t\t<div class='gallery-icon landscape'>\n\t\t\t\t<a rel='attachment' href='http:\/\/pijalniakawy.pl\/index.php\/o_kawie\/historia-kawy-w-polsce\/8_pluton\/'><img width=\"150\" height=\"150\" src=\"http:\/\/pijalniakawy.pl\/wp-content\/uploads\/2016\/01\/8_pluton-150x150.jpeg\" class=\"attachment-thumbnail size-thumbnail\" alt=\"\" decoding=\"async\" loading=\"lazy\" srcset=\"http:\/\/pijalniakawy.pl\/wp-content\/uploads\/2016\/01\/8_pluton-150x150.jpeg 150w, http:\/\/pijalniakawy.pl\/wp-content\/uploads\/2016\/01\/8_pluton-268x268.jpeg 268w\" sizes=\"(max-width: 150px) 100vw, 150px\" \/><\/a>\n\t\t\t<\/div><\/figure><figure class='gallery-item'>\n\t\t\t<div class='gallery-icon landscape'>\n\t\t\t\t<a rel='attachment' href='http:\/\/pijalniakawy.pl\/index.php\/o_kawie\/historia-kawy-w-polsce\/6_pluton\/'><img width=\"150\" height=\"150\" src=\"http:\/\/pijalniakawy.pl\/wp-content\/uploads\/2016\/01\/6_pluton-150x150.jpeg\" class=\"attachment-thumbnail size-thumbnail\" alt=\"\" decoding=\"async\" loading=\"lazy\" srcset=\"http:\/\/pijalniakawy.pl\/wp-content\/uploads\/2016\/01\/6_pluton-150x150.jpeg 150w, http:\/\/pijalniakawy.pl\/wp-content\/uploads\/2016\/01\/6_pluton-432x432.jpeg 432w, http:\/\/pijalniakawy.pl\/wp-content\/uploads\/2016\/01\/6_pluton-268x268.jpeg 268w\" sizes=\"(max-width: 150px) 100vw, 150px\" \/><\/a>\n\t\t\t<\/div><\/figure><figure class='gallery-item'>\n\t\t\t<div class='gallery-icon portrait'>\n\t\t\t\t<a rel='attachment' href='http:\/\/pijalniakawy.pl\/index.php\/o_kawie\/historia-kawy-w-polsce\/9_pluton\/'><img width=\"150\" height=\"150\" src=\"http:\/\/pijalniakawy.pl\/wp-content\/uploads\/2016\/01\/9_pluton-150x150.jpeg\" class=\"attachment-thumbnail size-thumbnail\" alt=\"\" decoding=\"async\" loading=\"lazy\" srcset=\"http:\/\/pijalniakawy.pl\/wp-content\/uploads\/2016\/01\/9_pluton-150x150.jpeg 150w, http:\/\/pijalniakawy.pl\/wp-content\/uploads\/2016\/01\/9_pluton-268x268.jpeg 268w\" sizes=\"(max-width: 150px) 100vw, 150px\" \/><\/a>\n\t\t\t<\/div><\/figure><figure class='gallery-item'>\n\t\t\t<div class='gallery-icon landscape'>\n\t\t\t\t<a rel='attachment' href='http:\/\/pijalniakawy.pl\/index.php\/o_kawie\/historia-kawy-w-polsce\/2_pluton\/'><img width=\"150\" height=\"150\" src=\"http:\/\/pijalniakawy.pl\/wp-content\/uploads\/2016\/01\/2_pluton-150x150.jpeg\" class=\"attachment-thumbnail size-thumbnail\" alt=\"\" decoding=\"async\" loading=\"lazy\" srcset=\"http:\/\/pijalniakawy.pl\/wp-content\/uploads\/2016\/01\/2_pluton-150x150.jpeg 150w, http:\/\/pijalniakawy.pl\/wp-content\/uploads\/2016\/01\/2_pluton-268x268.jpeg 268w\" sizes=\"(max-width: 150px) 100vw, 150px\" \/><\/a>\n\t\t\t<\/div><\/figure><figure class='gallery-item'>\n\t\t\t<div class='gallery-icon landscape'>\n\t\t\t\t<a rel='attachment' href='http:\/\/pijalniakawy.pl\/index.php\/o_kawie\/historia-kawy-w-polsce\/5_pluton\/'><img width=\"150\" height=\"150\" src=\"http:\/\/pijalniakawy.pl\/wp-content\/uploads\/2016\/01\/5_pluton-150x150.jpeg\" class=\"attachment-thumbnail size-thumbnail\" alt=\"\" decoding=\"async\" loading=\"lazy\" srcset=\"http:\/\/pijalniakawy.pl\/wp-content\/uploads\/2016\/01\/5_pluton-150x150.jpeg 150w, http:\/\/pijalniakawy.pl\/wp-content\/uploads\/2016\/01\/5_pluton-432x432.jpeg 432w, http:\/\/pijalniakawy.pl\/wp-content\/uploads\/2016\/01\/5_pluton-268x268.jpeg 268w\" sizes=\"(max-width: 150px) 100vw, 150px\" \/><\/a>\n\t\t\t<\/div><\/figure><figure class='gallery-item'>\n\t\t\t<div class='gallery-icon landscape'>\n\t\t\t\t<a rel='attachment' href='http:\/\/pijalniakawy.pl\/index.php\/o_kawie\/historia-kawy-w-polsce\/3_pluton\/'><img width=\"150\" height=\"150\" src=\"http:\/\/pijalniakawy.pl\/wp-content\/uploads\/2016\/01\/3_pluton-150x150.jpeg\" class=\"attachment-thumbnail size-thumbnail\" alt=\"\" decoding=\"async\" loading=\"lazy\" srcset=\"http:\/\/pijalniakawy.pl\/wp-content\/uploads\/2016\/01\/3_pluton-150x150.jpeg 150w, http:\/\/pijalniakawy.pl\/wp-content\/uploads\/2016\/01\/3_pluton-432x432.jpeg 432w, http:\/\/pijalniakawy.pl\/wp-content\/uploads\/2016\/01\/3_pluton-268x268.jpeg 268w\" sizes=\"(max-width: 150px) 100vw, 150px\" \/><\/a>\n\t\t\t<\/div><\/figure><figure class='gallery-item'>\n\t\t\t<div class='gallery-icon landscape'>\n\t\t\t\t<a rel='attachment' href='http:\/\/pijalniakawy.pl\/index.php\/o_kawie\/historia-kawy-w-polsce\/4_pluton\/'><img width=\"150\" height=\"150\" src=\"http:\/\/pijalniakawy.pl\/wp-content\/uploads\/2016\/01\/4_pluton-150x150.jpeg\" class=\"attachment-thumbnail size-thumbnail\" alt=\"\" decoding=\"async\" loading=\"lazy\" srcset=\"http:\/\/pijalniakawy.pl\/wp-content\/uploads\/2016\/01\/4_pluton-150x150.jpeg 150w, http:\/\/pijalniakawy.pl\/wp-content\/uploads\/2016\/01\/4_pluton-300x300.jpeg 300w, http:\/\/pijalniakawy.pl\/wp-content\/uploads\/2016\/01\/4_pluton-332x332.jpeg 332w, http:\/\/pijalniakawy.pl\/wp-content\/uploads\/2016\/01\/4_pluton-432x432.jpeg 432w, http:\/\/pijalniakawy.pl\/wp-content\/uploads\/2016\/01\/4_pluton-268x268.jpeg 268w, http:\/\/pijalniakawy.pl\/wp-content\/uploads\/2016\/01\/4_pluton.jpeg 600w\" sizes=\"(max-width: 150px) 100vw, 150px\" \/><\/a>\n\t\t\t<\/div><\/figure><figure class='gallery-item'>\n\t\t\t<div class='gallery-icon landscape'>\n\t\t\t\t<a rel='attachment' href='http:\/\/pijalniakawy.pl\/index.php\/o_kawie\/historia-kawy-w-polsce\/1_pluton\/'><img width=\"150\" height=\"150\" src=\"http:\/\/pijalniakawy.pl\/wp-content\/uploads\/2016\/01\/1_pluton-150x150.jpeg\" class=\"attachment-thumbnail size-thumbnail\" alt=\"\" decoding=\"async\" loading=\"lazy\" srcset=\"http:\/\/pijalniakawy.pl\/wp-content\/uploads\/2016\/01\/1_pluton-150x150.jpeg 150w, http:\/\/pijalniakawy.pl\/wp-content\/uploads\/2016\/01\/1_pluton-268x268.jpeg 268w\" sizes=\"(max-width: 150px) 100vw, 150px\" \/><\/a>\n\t\t\t<\/div><\/figure>\n\t\t<\/div>\n\n<p style=\"text-align: justify;\">W 1918 roku dosz\u0142o do powstania w Gda\u0144sku Kaiserskaffegesch\u00e4ft, posiadaj\u0105cej liczne filie w Wielkopolsce i na Pomorzu. W Gdyni powsta\u0142a sp\u00f3\u0142ka o nazwie Wielkopolski Sk\u0142ad Kawy.<br \/>\n29 listopada 1918 roku, w ma\u0142ej kawiarence \u017byckiego (w\u0142a\u015bciciela znanej kawiarni &#8220;Udzia\u0142owa&#8221;) na Nowym \u015awiecie w Warszawie, zawi\u0105za\u0142 si\u0119 Komitet Wykonawczy Kawiarni Poet\u00f3w. W tym dniu kawiarnia przybra\u0142a nazw\u0119 &#8220;Pod Pikadorem&#8221;, staj\u0105c si\u0119 miejscem spotka\u0144 artyst\u00f3w na wz\u00f3r popularnych w Moskwie kawiar\u0144 poet\u00f3w. W tym lokalu mia\u0142y miejsce pierwsze publiczne wyst\u0119py grupy m\u0142odych poet\u00f3w, kt\u00f3rzy utworzyli p\u00f3\u017aniej formacj\u0119, znan\u0105 jako Skamander, do kt\u00f3rej nale\u017celi, mi\u0119dzy innymi Julian Tuwim, Jan Lecho\u0144 czy Antoni S\u0142onimski. P\u00f3\u017aniej grupa literacka Skamander spotyka\u0142a si\u0119 w kawiarni &#8220;Ziemia\u0144ska&#8221; przy ulicy Mazowieckiej.<\/p>\n<p style=\"text-align: justify;\"><a href=\"http:\/\/pijalniakawy.pl\/index.php\/o_kawie\/\">\u2190 powr\u00f3t<\/a><\/p>\n","protected":false},"excerpt":{"rendered":"<p>W 1603 roku, lekarz, Tomasz Ormi\u0144ski, w kalendarzu medycznym zaleca\u0142 jako lekarstwo &#8220;koff\u0119&#8221;, czyli b\u00f3b arabski.\u00a0Pod koniec XVII wieku, z po\u0142udnia, od panuj\u0105cych nad Mo\u0142dawi\u0105 Turk\u00f3w, do Polski dotar\u0142a kawa. Lubi\u0142 j\u0105 Jan III Sobieski, natomiast pot\u0119piali mi\u0119dzy innymi: Wac\u0142aw Potocki i Jan Andrzej Morsztyn. Szybko jednak dostrze\u017cono dobroczynny wp\u0142yw &#8230;<\/p>\n","protected":false},"author":1,"featured_media":0,"parent":2,"menu_order":0,"comment_status":"closed","ping_status":"closed","template":"template-full-width.php","meta":{"_mi_skip_tracking":false,"_exactmetrics_sitenote_active":false,"_exactmetrics_sitenote_note":"","_exactmetrics_sitenote_category":0},"aioseo_notices":[],"_links":{"self":[{"href":"http:\/\/pijalniakawy.pl\/index.php\/wp-json\/wp\/v2\/pages\/37"}],"collection":[{"href":"http:\/\/pijalniakawy.pl\/index.php\/wp-json\/wp\/v2\/pages"}],"about":[{"href":"http:\/\/pijalniakawy.pl\/index.php\/wp-json\/wp\/v2\/types\/page"}],"author":[{"embeddable":true,"href":"http:\/\/pijalniakawy.pl\/index.php\/wp-json\/wp\/v2\/users\/1"}],"replies":[{"embeddable":true,"href":"http:\/\/pijalniakawy.pl\/index.php\/wp-json\/wp\/v2\/comments?post=37"}],"version-history":[{"count":25,"href":"http:\/\/pijalniakawy.pl\/index.php\/wp-json\/wp\/v2\/pages\/37\/revisions"}],"predecessor-version":[{"id":39,"href":"http:\/\/pijalniakawy.pl\/index.php\/wp-json\/wp\/v2\/pages\/37\/revisions\/39"}],"up":[{"embeddable":true,"href":"http:\/\/pijalniakawy.pl\/index.php\/wp-json\/wp\/v2\/pages\/2"}],"wp:attachment":[{"href":"http:\/\/pijalniakawy.pl\/index.php\/wp-json\/wp\/v2\/media?parent=37"}],"curies":[{"name":"wp","href":"https:\/\/api.w.org\/{rel}","templated":true}]}}